 is the greatest common factor of a and 12?
6
Suppose 73 + 122 = 5*o. What is the highest common factor of o and 208?
13
Let p(c) = -18*c - 270. Let a be p(-16). What is the greatest common divisor of a and 27?
9
Let u(b) = 36*b + 23. Let v be u(2). Suppose 8*y - 2*p - v = 3*y, 110 = 5*y + p. Let j be 1*21*(0 - -1). What is the highest common divisor of y and j?
21
Suppose 0 = 2*r - 5*v - 6, 48 - 8 = 4*r + 4*v. Let h(f) = -4*f - f + 3*f - 2*f. Let k be h(-3). Calculate the greatest common factor of k and r.
4
Let q(u) = 12*u**2 - 2*u - 2. Let r be q(6). Let x(w) = 5*w - 212. Let k be x(50). Calculate the greatest common factor of k and r.
38
Suppose 0 = -4*g + 49*g - 1620. What is the greatest common factor of 9 and g?
9
Let h = -316 - -336. Calculate the greatest common factor of h and 140.
20
Let a(c) = 5*c**2. Let f be a(-1). Suppose 0 = 5*j - l - 10, l - 10 = -f*j - 4*l. What is the highest common divisor of 1 and j?
1
Let h = 181 + -41. Calculate the greatest common divisor of 270 and h.
10
Suppose 0 = -p - 15 + 1. Let f = -11 - p. Suppose -25 = -5*d, -f*s + 7 = s - 5*d. What is the greatest common divisor of s and 2?
2
Suppose -108 = -5*s + 507. Let d be -9 - -1*350/7. What is the greatest common divisor of d and s?
41
Let t be ((2 - 3)*2)/(13/(-169)). What is the highest common factor of t and 4?
2
Let g = 39 - -38. Let b(j) = j**3 - j + 27. Let f be b(0). Suppose -1 = -4*u + f. Calculate the highest common divisor of u and g.
7
Let f be ((-8)/(-6))/((-1)/(9/(-3))). Suppose 5*l - 125 = 7*w - 2*w, 3*l + f*w - 68 = 0. Calculate the highest common divisor of 32 and l.
8
Suppose 6*q - 42 = 4*q. Let j = 13 - 7. Let x be (42/(-10))/(j/(-30)). What is the greatest common divisor of q and x?
21
Suppose 9*g + 12 = 120. Calculate the highest common divisor of g and 12.
12
Suppose 6*j - 184 - 56 = 0. Calculate the highest common factor of 168 and j.
8
Let w = -15 + 17. Suppose v + w = 4. Suppose -3*q + 0*q = -42. What is the highest common factor of v and q?
2
Let o = 345 - 336. What is the greatest common divisor of 1 and o?
1
Let x(m) = -m**3 + 7*m**2 - 2*m + 6. Suppose 9*q - 2*q = 42. Let t be x(q). Calculate the highest common factor of t and 6.
6
Suppose 2*y - 4*l = 148, -1 = -l - 0. Let w be (-8 + y/8)/(6/88). Calculate the greatest common factor of 4 and w.
2
Let z be -30*(-3 + 2) - 6. What is the greatest common divisor of 8 and z?
8
Let g be 6 - (-13 + 31)*(-1)/(-6). Calculate the highest common factor of g and 48.
3
Suppose 2*i - i = f - 17, -4*i + 3*f - 63 = 0. Let p be (-30)/i*(4 + -2). Suppose 0 = p*c - 18 - 12. Calculate the highest common factor of 48 and c.
6
Let o = 58 - -70. Suppose 30*g = 28*g + 32. Suppose 2*t - t = g. What is the highest common factor of t and o?
16
Suppose 2855 = -10*q + 16745. Suppose -13*y + q = -1315. What is the greatest common divisor of 52 and y?
52
Suppose g - 15 = -0*g. Suppose -5*c + 4*h = -92, 0 = 3*c - 11*h + 9*h - 56. Calculate the highest common divisor of g and c.
5
Suppose -105*j - 300 = -108*j. Suppose 5*v + 0*w - w = 105, 5*v + 5*w - 75 = 0. Calculate the greatest common factor of v and j.
20
Suppose -8*j + 4*t + 70 = -6*j, 3*t = -12. Calculate the greatest common divisor of 27 and j.
27
Let f(b) = b**3 + b - 27. Let r be f(0). Let y = 30 + r. Let o(h) = h**3 - h**2 + 4*h - 3. Let s be o(2). What is the highest common factor of s and y?
3
Let o = 15 + 77. Suppose -108 = -5*a + o. Calculate the highest common divisor of a and 20.
20
Let u(x) = x**3 - 6*x**2 - 8*x + 9. Let r be u(7). Let n(v) = v**3 - 53*v**2 + 196*v + 26. Let f be n(49). What is the highest common divisor of r and f?
2
Let n(r) = -3*r - 1. Let m be n(-4). Let o = m + -9. Suppose -o*b + 70 = 3*k, -4 + 16 = k - 5*b. Calculate the highest common factor of k and 33.
11
Suppose -7*p + 10*p - 15 = 0. Let k be p/(-4) - 3/(-12). Let d be (924/55)/(k/(-5)). Calculate the greatest common divisor of d and 12.
12
Let u be 7*1 + (-1)/(-1). Let l be 432/80 + -5 - (-6)/10. What is the greatest common divisor of l and u?
1
Suppose 0 = -c + 14 - 2. Suppose -2*r + 44 = c. What is the greatest common divisor of r and 40?
8
Let x = -18 - -30. Let q = x + -8. Suppose q*o - 6 = b + 56, 3*o - 4*b = 40. What is the greatest common divisor of o and 128?
16
Suppose l - 6*l = -90. Suppose 4*c = -10 + l. Suppose 0 = -a - a + 4. Calculate the greatest common factor of c and a.
2
Let o(l) = l**3 - 19*l**2 + 16*l + 37. Let z be o(18). Calculate the highest common factor of z and 4.
1
Let y be -4 - (-11)/(-11) - -35. What is the highest common factor of y and 40?
10
Let m be 2/7 - (-103)/7. Suppose 15 = 3*g, 0 = 179*z - 174*z - 2*g - 20. Calculate the greatest common divisor of z and m.
3
Let f = 35 - -125. Calculate the greatest common factor of f and 96.
32
Let n = -118 + 232. Calculate the greatest common divisor of n and 6.
6
Let l = 3 + 7. Suppose 0 = -2*o - 7 + 27. Calculate the greatest common factor of l and o.
10
Let r(k) = 3*k**2 - k + 14. Let d be r(-6). Let q = 220 - d. What is the greatest common divisor of 46 and q?
46
Let p(i) = 13*i + 19*i + 13*i - 42*i - 18. Let g be p(9). Calculate the highest common divisor of g and 81.
9
Let j = -544 + 5218. What is the greatest common factor of 19 and j?
19
Let m(u) = 4*u - 4. Let q be m(3). Let b(j) = -j**3 + 9*j**2 + 6. Let x be b(q). Calculate the greatest common divisor of 28 and x.
14
Let r = 2368 - 2284. What is the greatest common divisor of 276 and r?
12
Suppose 28 = 2*x - v, 3*v = 4*x + 9 - 61. Let c = 33 - 69. Let i = c + 76. What is the highest common divisor of x and i?
8
Suppose 3 - 19 = -4*b + r, 0 = -5*b - 2*r + 20. Suppose 0 = -b*k + 32 + 112. Calculate the greatest common divisor of 9 and k.
9
Suppose -23*o = -18*o - 45. Calculate the highest common factor of 72 and o.
9
Suppose 1 = -4*p + 37. Suppose 8*v - p*v = -12. Suppose 0 = -6*z + 4*z + v. Calculate the greatest common factor of z and 6.
6
Let r(v) = -180*v + 25. Let h be r(-2). What is the greatest common factor of h and 88?
11
Let k(x) = -61*x + 553. Let w be k(9). Suppose -3*u - 24 - 45 = 0. Let o = u - -51. Calculate the highest common factor of o and w.
4
Suppose 2*q = 2*y + 24, 3*q - 7*y + 2*y = 46. Suppose q*m = 2*m + 5. Let b be (2/4)/(m/230). Calculate the greatest common factor of b and 46.
23
Suppose -j + 14 = -3*m + 3*j, 0 = 4*m + 4*j + 56. Let b = 16 + m. Let c be ((-4)/b)/(2/(-36)). What is the greatest common factor of 30 and c?
6
Suppose 3*d - 5*i - 100 = 0, 3 = i - 1. Suppose 0 = q + 98 - 19. Let w = 89 + q. What is the highest common factor of w and d?
10
Suppose -o = 4 - 57. Suppose o = 4*z + 5*u - 28, u = -5*z + 117. Let m = 49 - z. Calculate the highest common factor of 10 and m.
5
Suppose m = 12 + 5. Suppose 0 = 4*i - 4*r - 76, -2*i + 5*i + 5*r = 41. Calculate the greatest common factor of i and m.
17
Suppose -3*s + 160 = -s. Let y be s/(-30)*(-18)/8. Suppose -y*m = 64 - 172. What is the greatest common factor of m and 2?
2
Suppose 2*w = -2*k + 6*k - 14, k = -4*w - 10. Let t be ((-15)/(-5) - k) + 15. Suppose -z + 10 = 2. What is the greatest common factor of z and t?
8
Suppose -14 = -2*t + t. Let z be 3243/21 - 6/t. Suppose -z + 4 = -3*p. Calculate the highest common factor of 20 and p.
10
Suppose -x - 4*c - 1 = 0, 9*x - 6*x = -2*c + 7. Suppose -x*u - 3*u + 102 = 0. What is the highest common divisor of 17 and u?
17
Let f(p) = -p**2 + 22*p + 23. Let t be f(21). Calculate the highest common divisor of 11 and t.
11
Let p(l) = l. Let r be p(-6). Let j = r - -9. Suppose 16 = 4*d, 0*t - 222 = -2*t - j*d. What is the greatest common factor of 15 and t?
15
Suppose 25 - 24 = s. Suppose -b - 3*i + s = -5, -i = -b + 6. What is the highest common factor of b and 4?
2
Suppose -49 - 11 = -5*g. Suppose 7*s - g = 4*s. Suppose -4*u + 3 = -2*u - 5*d, 2*u + 4*d = 12. Calculate the highest common factor of s and u.
4
Let k be (-15)/(-5) + -6*2/(-4). Suppose 0 = 2*n - k, 2*s = 4*s + 3*n - 19. What is the greatest common factor of 5 and s?
5
Let l = 6 - 5. Suppose -k - l = 0, -3*k - 3 - 10 = -2*z. Suppose z*w = w + 68. What is the highest common factor of w and 119?
17
Let p(w) = -9*w + 2. Let f be p(-2). Suppose -1980 = -496*l + 485*l. What is the highest common divisor of f and l?
20
Let o be (-25)/((-3 - -4) + -2 + 0). Sup